{"id":64,"date":"2025-07-21T09:34:25","date_gmt":"2025-07-21T09:34:25","guid":{"rendered":"https:\/\/www-preprod.bjlenvironnement.fr\/?page_id=64"},"modified":"2026-03-20T10:23:13","modified_gmt":"2026-03-20T10:23:13","slug":"label-afel-rse","status":"publish","type":"page","link":"https:\/\/www.bjlenvironnement.fr\/index.php\/label-afel-rse\/","title":{"rendered":"Label AFEL\/RSE"},"content":{"rendered":"<p>[et_pb_section fb_built=\u00a0\u00bb1&Prime; _builder_version=\u00a0\u00bb4.27.4&Prime; _module_preset=\u00a0\u00bbdefault\u00a0\u00bb background_color=\u00a0\u00bb#2a3754&Prime; global_colors_info=\u00a0\u00bb{}\u00a0\u00bb][et_pb_row column_structure=\u00a0\u00bb1_2,1_2&Prime; _builder_version=\u00a0\u00bb4.27.4&Prime; _module_preset=\u00a0\u00bbdefault\u00a0\u00bb width=\u00a0\u00bb85%\u00a0\u00bb max_width=\u00a0\u00bb1356px\u00a0\u00bb global_colors_info=\u00a0\u00bb{}\u00a0\u00bb][et_pb_column type=\u00a0\u00bb1_2&Prime; _builder_version=\u00a0\u00bb4.27.4&Prime; _module_preset=\u00a0\u00bbdefault\u00a0\u00bb global_colors_info=\u00a0\u00bb{}\u00a0\u00bb][et_pb_text _builder_version=\u00a0\u00bb4.27.4&Prime; _module_preset=\u00a0\u00bbdefault\u00a0\u00bb header_2_font=\u00a0\u00bb|700|||||||\u00a0\u00bb header_2_text_color=\u00a0\u00bb#FFFFFF\u00a0\u00bb header_2_font_size=\u00a0\u00bb36px\u00a0\u00bb custom_margin=\u00a0\u00bb60px||24px||false|false\u00a0\u00bb global_colors_info=\u00a0\u00bb{}\u00a0\u00bb]<\/p>\n<h2>BJL Environnement, titulaire du label AFEL pour son activit\u00e9 d&rsquo;analyses Amiante<\/h2>\n<p>[\/et_pb_text][et_pb_text _builder_version=\u00a0\u00bb4.27.4&Prime; _module_preset=\u00a0\u00bbdefault\u00a0\u00bb text_text_color=\u00a0\u00bb#FFFFFF\u00a0\u00bb custom_margin=\u00a0\u00bb||19px|||\u00a0\u00bb global_colors_info=\u00a0\u00bb{}\u00a0\u00bb]<\/p>\n<div data-lov-id=\"src\/pages\/PrestationsAccreditees.tsx:130:10\" data-lov-name=\"div\" data-component-path=\"src\/pages\/PrestationsAccreditees.tsx\" data-component-line=\"130\" data-component-file=\"PrestationsAccreditees.tsx\" data-component-name=\"div\" data-component-content=\"%7B%22className%22%3A%22text-center%20mb-16%22%7D\" class=\"text-center mb-16\">\n<div data-lov-id=\"src\/components\/Certifications.tsx:39:8\" data-lov-name=\"div\" data-component-path=\"src\/components\/Certifications.tsx\" data-component-line=\"39\" data-component-file=\"Certifications.tsx\" data-component-name=\"div\" data-component-content=\"%7B%22className%22%3A%22grid%20md%3Agrid-cols-2%20gap-8%20max-w-4xl%20mx-auto%22%7D\" class=\"grid md:grid-cols-2 gap-8 max-w-4xl mx-auto\">\n<div data-lov-id=\"src\/components\/Certifications.tsx:41:12\" data-lov-name=\"Card\" data-component-path=\"src\/components\/Certifications.tsx\" data-component-line=\"41\" data-component-file=\"Certifications.tsx\" data-component-name=\"Card\" data-component-content=\"%7B%7D\" class=\"rounded-lg text-card-foreground shadow-sm hover:shadow-xl transition-all duration-300 bg-[#D43762]\/5 border-[#D43762]\/20 border-2\">\n<div data-lov-id=\"src\/components\/Certifications.tsx:48:14\" data-lov-name=\"CardContent\" data-component-path=\"src\/components\/Certifications.tsx\" data-component-line=\"48\" data-component-file=\"Certifications.tsx\" data-component-name=\"CardContent\" data-component-content=\"%7B%22className%22%3A%22text-center%22%7D\" class=\"p-6 pt-0 text-center\">\n<p data-lov-id=\"src\/components\/Certifications.tsx:49:16\" data-lov-name=\"p\" data-component-path=\"src\/components\/Certifications.tsx\" data-component-line=\"49\" data-component-file=\"Certifications.tsx\" data-component-name=\"p\" data-component-content=\"%7B%22className%22%3A%22text-gray-700%20text-lg%20leading-relaxed%22%7D\" class=\"text-gray-700 text-lg leading-relaxed\">BJL environnement s&rsquo;engage dans une d\u00e9marche de responsabilit\u00e9 soci\u00e9tale des entreprises.<\/p>\n<\/div>\n<\/div>\n<\/div>\n<\/div>\n<p>[\/et_pb_text][\/et_pb_column][et_pb_column type=\u00a0\u00bb1_2&Prime; _builder_version=\u00a0\u00bb4.27.4&Prime; _module_preset=\u00a0\u00bbdefault\u00a0\u00bb global_colors_info=\u00a0\u00bb{}\u00a0\u00bb][et_pb_image src=\u00a0\u00bbhttps:\/\/www.bjlenvironnement.fr\/wp-content\/uploads\/2025\/10\/Facetune_22-10-2025-23-07-45-scaled.jpg\u00a0\u00bb title_text=\u00a0\u00bbFacetune_22-10-2025-23-07-45&Prime; _builder_version=\u00a0\u00bb4.27.4&Prime; _module_preset=\u00a0\u00bbdefault\u00a0\u00bb width=\u00a0\u00bb80%\u00a0\u00bb module_alignment=\u00a0\u00bbcenter\u00a0\u00bb border_radii=\u00a0\u00bbon|10px|10px|10px|10px\u00a0\u00bb global_colors_info=\u00a0\u00bb{}\u00a0\u00bb][\/et_pb_image][\/et_pb_column][\/et_pb_row][\/et_pb_section][et_pb_section fb_built=\u00a0\u00bb1&Prime; _builder_version=\u00a0\u00bb4.27.4&Prime; _module_preset=\u00a0\u00bbdefault\u00a0\u00bb global_colors_info=\u00a0\u00bb{}\u00a0\u00bb][et_pb_row _builder_version=\u00a0\u00bb4.27.4&Prime; _module_preset=\u00a0\u00bbdefault\u00a0\u00bb global_colors_info=\u00a0\u00bb{}\u00a0\u00bb][et_pb_column type=\u00a0\u00bb4_4&Prime; _builder_version=\u00a0\u00bb4.27.4&Prime; _module_preset=\u00a0\u00bbdefault\u00a0\u00bb global_colors_info=\u00a0\u00bb{}\u00a0\u00bb][et_pb_text _builder_version=\u00a0\u00bb4.27.4&Prime; _module_preset=\u00a0\u00bbdefault\u00a0\u00bb header_2_text_align=\u00a0\u00bbcenter\u00a0\u00bb width=\u00a0\u00bb75%\u00a0\u00bb module_alignment=\u00a0\u00bbcenter\u00a0\u00bb global_colors_info=\u00a0\u00bb{}\u00a0\u00bb]<\/p>\n<h2 jscontroller=\"Ae65rd\" jsaction=\"touchstart:UrsOsc; click:KjsqPd; focusout:QZoaZ; mouseover:y0pDld; mouseout:dq0hvd;fv1Rjc:jbFSOd;CrfLRd:SzACGe;\" class=\"CjVfdc CJIdie\"><span class=\"C9DxTc \">BJL ENVIRONNEMENT est adh\u00e9rent de l&rsquo;association ASBESTOS FRENCH ETHIC LAB (<\/span><a class=\"XqQF9c\" href=\"http:\/\/www.afelasso.fr\/\" target=\"_blank\" rel=\"noopener\"><span class=\"C9DxTc \">AFEL<\/span><\/a><span class=\"C9DxTc \">).<\/span><\/h2>\n<p>[\/et_pb_text][\/et_pb_column][\/et_pb_row][et_pb_row _builder_version=\u00a0\u00bb4.27.4&Prime; _module_preset=\u00a0\u00bbdefault\u00a0\u00bb width=\u00a0\u00bb70%\u00a0\u00bb module_alignment=\u00a0\u00bbcenter\u00a0\u00bb custom_padding=\u00a0\u00bb30px|30px|30px|30px|true|true\u00a0\u00bb border_radii=\u00a0\u00bbon|10px|10px|10px|10px\u00a0\u00bb box_shadow_style=\u00a0\u00bbpreset1&Prime; global_colors_info=\u00a0\u00bb{}\u00a0\u00bb][et_pb_column type=\u00a0\u00bb4_4&Prime; _builder_version=\u00a0\u00bb4.27.4&Prime; _module_preset=\u00a0\u00bbdefault\u00a0\u00bb global_colors_info=\u00a0\u00bb{}\u00a0\u00bb][et_pb_text _builder_version=\u00a0\u00bb4.27.4&Prime; _module_preset=\u00a0\u00bbdefault\u00a0\u00bb global_colors_info=\u00a0\u00bb{}\u00a0\u00bb]<\/p>\n<p dir=\"ltr\" class=\"zfr3Q CDt4Ke \"><span class=\"C9DxTc \">Depuis le 16\/11\/2022, BJL ENVIRONNEMENT est titulaire du label AFEL pour son activit\u00e9 d&rsquo;analyses\u00a0 Amiante.\u00a0<\/span><\/p>\n<p dir=\"ltr\" class=\"zfr3Q CDt4Ke \"><span class=\"C9DxTc \">Le label aFEL vise la valorisation, la reconnaissance et la visibilit\u00e9 des d\u00e9marches RSE (Responsabilit\u00e9 Soci\u00e9tale des Entreprises) port\u00e9es par les laboratoires \u00e0 l&rsquo;intention de leurs parties prenantes et de la soci\u00e9t\u00e9, en coh\u00e9rence avec les principes de la norme ISO 26000 &#8211; Lignes directrices relatives \u00e0 la responsabilit\u00e9 soci\u00e9tale.<\/span><\/p>\n<p dir=\"ltr\" class=\"zfr3Q CDt4Ke \"><span class=\"C9DxTc \"><br \/><\/span><span class=\"C9DxTc \">Nous aspirons \u00e0 faire de la d\u00e9marche RSE un moteur f\u00e9d\u00e9rateur, visant \u00e0 promouvoir les meilleures pratiques, \u00e0 maintenir une concurrence saine, tout en unissant nos professionnels de l&rsquo;analyse dans une d\u00e9marche solidaire et collaborative.<\/span><\/p>\n<p>&nbsp;<\/p>\n<p dir=\"ltr\" class=\"zfr3Q CDt4Ke \"><span class=\"C9DxTc \">Notre laboratoire op\u00e8re dans une multitude d&rsquo;environnements, exposant ainsi notre \u00e9quipe \u00e0 divers risques li\u00e9s \u00e0 la sant\u00e9, \u00e0 la s\u00e9curit\u00e9 et \u00e0 l&rsquo;environnement. Les attentes de l\u2019\u00c9tat et de la soci\u00e9t\u00e9 civile envers l\u2019industrie du b\u00e2timent sont extr\u00eamement \u00e9lev\u00e9es. C\u2019est pourquoi notre laboratoire, en partenariat avec l&rsquo;AFEL, s&rsquo;engage dans une d\u00e9marche RSE proactive, ax\u00e9e sur le respect des normes les plus strictes en mati\u00e8re d\u2019\u00e9thique, de transparence et de responsabilit\u00e9 \u00e9conomique, soci\u00e9tale et environnementale.\u00a0<\/span><\/p>\n<p>&nbsp;<\/p>\n<p dir=\"ltr\" class=\"zfr3Q CDt4Ke \"><span class=\"C9DxTc \">BJL ENVIRONNEMENT se tient \u00e0 votre disposition pour \u00e9changer sur ce sujet, vous pouvez aussi nous \u00e9crire \u00e0<span> <a href=\"mailto:contact@bjlenvironnement.fr\" target=\"_blank\" rel=\"noopener\">contact@bjlenvironnement.fr<\/a> .<\/span><\/span><a class=\"XqQF9c\" href=\"mailto:qualite@bjlenvironnement.fr\" target=\"_blank\" rel=\"noopener\"><span class=\"C9DxTc aw5Odc \"><\/span><\/a><span class=\"C9DxTc \">\u00a0<\/span><\/p>\n<p>[\/et_pb_text][\/et_pb_column][\/et_pb_row][et_pb_row _builder_version=\u00a0\u00bb4.27.5&Prime; _module_preset=\u00a0\u00bbdefault\u00a0\u00bb global_colors_info=\u00a0\u00bb{}\u00a0\u00bb][et_pb_column type=\u00a0\u00bb4_4&Prime; _builder_version=\u00a0\u00bb4.27.5&Prime; _module_preset=\u00a0\u00bbdefault\u00a0\u00bb global_colors_info=\u00a0\u00bb{}\u00a0\u00bb][et_pb_code _builder_version=\u00a0\u00bb4.27.5&Prime; _module_preset=\u00a0\u00bbdefault\u00a0\u00bb global_colors_info=\u00a0\u00bb{}\u00a0\u00bb][\/et_pb_code][\/et_pb_column][\/et_pb_row][et_pb_row column_structure=\u00a0\u00bb2_5,3_5&Prime; _builder_version=\u00a0\u00bb4.27.5&Prime; _module_preset=\u00a0\u00bbdefault\u00a0\u00bb global_colors_info=\u00a0\u00bb{}\u00a0\u00bb][et_pb_column type=\u00a0\u00bb2_5&Prime; _builder_version=\u00a0\u00bb4.27.5&Prime; _module_preset=\u00a0\u00bbdefault\u00a0\u00bb global_colors_info=\u00a0\u00bb{}\u00a0\u00bb][et_pb_code _builder_version=\u00a0\u00bb4.27.5&Prime; _module_preset=\u00a0\u00bbdefault\u00a0\u00bb global_colors_info=\u00a0\u00bb{}\u00a0\u00bb]<iframe loading=\"lazy\" src=\"https:\/\/www.linkedin.com\/embed\/feed\/update\/urn:li:share:7440693799204347904\" height=\"731\" width=\"504\" frameborder=\"0\" allowfullscreen=\"\" title=\"Post int\u00e9gr\u00e9\"><\/iframe>[\/et_pb_code][\/et_pb_column][et_pb_column type=\u00a0\u00bb3_5&Prime; _builder_version=\u00a0\u00bb4.27.5&Prime; _module_preset=\u00a0\u00bbdefault\u00a0\u00bb global_colors_info=\u00a0\u00bb{}\u00a0\u00bb][et_pb_slider _builder_version=\u00a0\u00bb4.27.5&Prime; _module_preset=\u00a0\u00bbdefault\u00a0\u00bb hover_enabled=\u00a0\u00bb0&Prime; global_colors_info=\u00a0\u00bb{}\u00a0\u00bb background_color=\u00a0\u00bb#f400cc\u00a0\u00bb sticky_enabled=\u00a0\u00bb0&Prime;][et_pb_slide heading=\u00a0\u00bbCourse Odyssea Nantes 2026&Prime; button_text=\u00a0\u00bbOdyssea\u00a0\u00bb image=\u00a0\u00bbhttps:\/\/www.bjlenvironnement.fr\/wp-content\/uploads\/2026\/03\/Odyssea-3.webp\u00a0\u00bb _builder_version=\u00a0\u00bb4.27.5&Prime; _module_preset=\u00a0\u00bbdefault\u00a0\u00bb background_color=\u00a0\u00bb#f300f7&Prime; background_enable_color=\u00a0\u00bbon\u00a0\u00bb hover_enabled=\u00a0\u00bb0&Prime; global_colors_info=\u00a0\u00bb{}\u00a0\u00bb sticky_transition=\u00a0\u00bbon\u00a0\u00bb sticky_enabled=\u00a0\u00bb0&Prime;]<\/p>\n<blockquote class=\"wp-embedded-content\" data-secret=\"X0YGN70Zcj\"><p><a href=\"https:\/\/odyssea.info\/courses\/odyssea-nantes\/\">Odyss\u00e9a Nantes<\/a><\/p><\/blockquote>\n<p><iframe loading=\"lazy\" class=\"wp-embedded-content\" sandbox=\"allow-scripts\" security=\"restricted\" style=\"position: absolute; visibility: hidden;\" title=\"\u00ab\u00a0Odyss\u00e9a Nantes\u00a0\u00bb &#8212; Odyss\u00e9a\" src=\"https:\/\/odyssea.info\/courses\/odyssea-nantes\/embed\/#?secret=605QrEGPZM#?secret=X0YGN70Zcj\" data-secret=\"X0YGN70Zcj\" width=\"600\" height=\"338\" frameborder=\"0\" marginwidth=\"0\" marginheight=\"0\" scrolling=\"no\"><\/iframe><\/p>\n<p>[\/et_pb_slide][et_pb_slide heading=\u00a0\u00bbCourse Odyssea Nantes 2026&Prime; button_text=\u00a0\u00bbOdyssea\u00a0\u00bb image=\u00a0\u00bbhttps:\/\/www.bjlenvironnement.fr\/wp-content\/uploads\/2026\/03\/Odyssea-1.jpg\u00a0\u00bb _builder_version=\u00a0\u00bb4.27.5&Prime; _module_preset=\u00a0\u00bbdefault\u00a0\u00bb background_color=\u00a0\u00bb#f300f7&Prime; background_enable_color=\u00a0\u00bbon\u00a0\u00bb hover_enabled=\u00a0\u00bb0&Prime; global_colors_info=\u00a0\u00bb{}\u00a0\u00bb sticky_transition=\u00a0\u00bbon\u00a0\u00bb sticky_enabled=\u00a0\u00bb0&Prime; alt=\u00a0\u00bbCourse Odyssea Nantes\u00a0\u00bb title_text=\u00a0\u00bbOdyssea 1&Prime;]<\/p>\n<blockquote class=\"wp-embedded-content\" data-secret=\"X0YGN70Zcj\"><p><a href=\"https:\/\/odyssea.info\/courses\/odyssea-nantes\/\">Odyss\u00e9a Nantes<\/a><\/p><\/blockquote>\n<p><iframe loading=\"lazy\" class=\"wp-embedded-content\" sandbox=\"allow-scripts\" security=\"restricted\" style=\"position: absolute; visibility: hidden;\" title=\"\u00ab\u00a0Odyss\u00e9a Nantes\u00a0\u00bb &#8212; Odyss\u00e9a\" src=\"https:\/\/odyssea.info\/courses\/odyssea-nantes\/embed\/#?secret=605QrEGPZM#?secret=X0YGN70Zcj\" data-secret=\"X0YGN70Zcj\" width=\"600\" height=\"338\" frameborder=\"0\" marginwidth=\"0\" marginheight=\"0\" scrolling=\"no\"><\/iframe><\/p>\n<p>[\/et_pb_slide][et_pb_slide heading=\u00a0\u00bbCourse Odyssea Nantes 2026&Prime; button_text=\u00a0\u00bbOdyssea\u00a0\u00bb image=\u00a0\u00bbhttps:\/\/www.bjlenvironnement.fr\/wp-content\/uploads\/2026\/03\/Odyssea-4.jpg\u00a0\u00bb _builder_version=\u00a0\u00bb4.27.5&Prime; _module_preset=\u00a0\u00bbdefault\u00a0\u00bb background_color=\u00a0\u00bb#f300f7&Prime; background_enable_color=\u00a0\u00bbon\u00a0\u00bb hover_enabled=\u00a0\u00bb0&Prime; global_colors_info=\u00a0\u00bb{}\u00a0\u00bb sticky_transition=\u00a0\u00bbon\u00a0\u00bb sticky_enabled=\u00a0\u00bb0&Prime; alt=\u00a0\u00bbCourse Odyssea Nantes\u00a0\u00bb title_text=\u00a0\u00bbOdyssea 4&Prime;]<\/p>\n<blockquote class=\"wp-embedded-content\" data-secret=\"X0YGN70Zcj\"><p><a href=\"https:\/\/odyssea.info\/courses\/odyssea-nantes\/\">Odyss\u00e9a Nantes<\/a><\/p><\/blockquote>\n<p><iframe loading=\"lazy\" class=\"wp-embedded-content\" sandbox=\"allow-scripts\" security=\"restricted\" style=\"position: absolute; visibility: hidden;\" title=\"\u00ab\u00a0Odyss\u00e9a Nantes\u00a0\u00bb &#8212; Odyss\u00e9a\" src=\"https:\/\/odyssea.info\/courses\/odyssea-nantes\/embed\/#?secret=605QrEGPZM#?secret=X0YGN70Zcj\" data-secret=\"X0YGN70Zcj\" width=\"600\" height=\"338\" frameborder=\"0\" marginwidth=\"0\" marginheight=\"0\" scrolling=\"no\"><\/iframe><\/p>\n<p>[\/et_pb_slide][\/et_pb_slider][\/et_pb_column][\/et_pb_row][\/et_pb_section]<\/p>\n","protected":false},"excerpt":{"rendered":"<p>BJL Environnement, titulaire du label AFEL pour son activit\u00e9 d&rsquo;analyses Amiante BJL environnement s&rsquo;engage dans une d\u00e9marche de responsabilit\u00e9 soci\u00e9tale des entreprises. BJL ENVIRONNEMENT est adh\u00e9rent de l&rsquo;association ASBESTOS FRENCH ETHIC LAB (AFEL).Depuis le 16\/11\/2022, BJL ENVIRONNEMENT est titulaire du label AFEL pour son activit\u00e9 d&rsquo;analyses\u00a0 Amiante.\u00a0 Le label aFEL vise la valorisation, la reconnaissance [&hellip;]<\/p>\n","protected":false},"author":1,"featured_media":0,"parent":0,"menu_order":0,"comment_status":"closed","ping_status":"closed","template":"","meta":{"_et_pb_use_builder":"on","_et_pb_old_content":"","_et_gb_content_width":"","footnotes":""},"class_list":["post-64","page","type-page","status-publish","hentry"],"_links":{"self":[{"href":"https:\/\/www.bjlenvironnement.fr\/index.php\/wp-json\/wp\/v2\/pages\/64","targetHints":{"allow":["GET"]}}],"collection":[{"href":"https:\/\/www.bjlenvironnement.fr\/index.php\/wp-json\/wp\/v2\/pages"}],"about":[{"href":"https:\/\/www.bjlenvironnement.fr\/index.php\/wp-json\/wp\/v2\/types\/page"}],"author":[{"embeddable":true,"href":"https:\/\/www.bjlenvironnement.fr\/index.php\/wp-json\/wp\/v2\/users\/1"}],"replies":[{"embeddable":true,"href":"https:\/\/www.bjlenvironnement.fr\/index.php\/wp-json\/wp\/v2\/comments?post=64"}],"version-history":[{"count":14,"href":"https:\/\/www.bjlenvironnement.fr\/index.php\/wp-json\/wp\/v2\/pages\/64\/revisions"}],"predecessor-version":[{"id":381,"href":"https:\/\/www.bjlenvironnement.fr\/index.php\/wp-json\/wp\/v2\/pages\/64\/revisions\/381"}],"wp:attachment":[{"href":"https:\/\/www.bjlenvironnement.fr\/index.php\/wp-json\/wp\/v2\/media?parent=64"}],"curies":[{"name":"wp","href":"https:\/\/api.w.org\/{rel}","templated":true}]}}